e value of (44 + -27 - -5 - 11) + -7?
4
3 - -9 - (33 - (-59 - -74))
-6
What is the value of 20 - (8 - 40 - -41)?
11
Calculate -14 + 39 + (-67 - -62).
20
What is the value of -16 - ((3 - 16) + -27 + 16)?
8
Calculate 39 + -3 + -16 + -34 + -4 + -1 + 5.
-14
What is the value of -101 - (-128 + 80 + 52)?
-105
What is the value of (-1 - 0 - 27) + 1 + (-7 + 8 - 2)?
-28
Evaluate 7 + 2 + (5 - -7) + (-31 - (25 - 50)).
15
Calculate (113 - (-102 + 93)) + -82.
40
What is 6 - (-12 + (97 - 11)) - -18?
-50
30 + (-172 - -128) + 4 + -1 + 96
85
Calculate -13 + 4 - (-62 + 12 + 5).
36
What is -35 - -42 - (-12 + -17 + 102 - (0 - -7))?
-59
Calculate 10 - (-81 - -45 - 20 - (17 + -1)).
82
Calculate 38 + -1 + -5 + -4 - (12 - (12 - 7)).
21
What is the value of 56 + 17 + 1 + (-253 - -236) + 2?
59
Calculate (-21 - 22) + -32 - ((-6 - 1) + 2).
-70
-19 + 31 + 0 + (-748 - -707)
-29
3 + -17 - (-12 + -12 + 14 + (8 - -5))
-17
Evaluate 64 + (-2 - 60) + (-2 + 2 - (40 + 2)).
-40
(-5 + 1 - (-14 + 7)) + -3 + -41
-41
What is the value of 38 - (-21 - (-96 - -13)) - (-2 + 0 + 3)?
-25
What is the value of (-70 - 11 - (-13 - -2 - 3)) + -10?
-77
-42 + 61 + 9 - -15 - 109
-66
Calculate (-96 - -148) + 7 - -10.
69
(1 - 46) + 121 + -96 - -6
-14
What is the value of 3 + -11 + 5 + (2 - -9 - 5) + -41?
-38
Evaluate -8 + 45 - -30 - 8.
59
What is (2760 - 2684) + -100 + 0?
-24
What is 8 + 18 + 83 + -167?
-58
What is 3 - (24 + (-21 - 5) + -8 - (5 - 1))?
17
(-86 + 27 - -2) + (4 - (18 + 2 + -6))
-67
Calculate 6 - (4 + 4) - (26 - (-13 - -34)).
-7
Calculate 79 + -9 - (-9 + (26 - 11) + 9).
55
Calculate 102 + -93 - (23 - 1 - (0 + -1)).
-14
51 + 13 + -29 + -16
19
Evaluate 4 + -23 + (62 - 80) + 20.
-17
21 - 4 - (-2 + 19 - -69)
-69
What is (-2 - (-2 - -17)) + 20 - 4?
-1
11 + -32 + 7 + 8 - (1 - 4)
-3
What is 3 - -57 - (12 - (-6 - (7 - (-1 - -17))))?
51
-1 + 9 + (286 - 290) + 17
21
What is the value of (-10 - 1) + 274 + -62 + -110?
91
Evaluate 28 - (-20 - -13) - (6 - 6 - -2).
33
What is (-4 + 9 - (-22 + 24)) + (3 + 2 - 7)?
1
What is the value of (49 - -39) + -190 + 4 + 1?
-97
Evaluate (-1 - 4) + 5 + -3 - 2 - (10 - -83).
-98
Calculate 1 + -9 + ((7 - -47) + -53 - (-51 + 0)).
44
Calculate 1120 + -1123 - (2 + -1 + -4 + -13 + 13).
0
Calculate -13 + -15 - (-8 - (-3 + 95)).
72
-34 + (-2 - (1 + -8) - (64 + -49))
-44
What is -14 + 38 + (-1 - 3) - (6 - 23)?
37
Calculate -6 + 50 + -45 - (-28 + 3 - 1).
25
What is the value of 16 + -71 + 71 - 42?
-26
Evaluate -4 + ((-3 - -8) + (0 - -5) - -5).
11
What is -37 + (-29 + 47 - -61)?
42
What is -1 - (7 - 1 - (20 + -42)) - (-30 - -24)?
-23
Evaluate -6 + 4 + -7 + (-16 + 6 - -20) + -14.
-13
What is 2 - (1904 + -1919 + 5 + -52 + (-5 - -2))?
67
What is -7 + 23 + (0 + -27 - -13) - (32 - 0)?
-30
Evaluate -43 + 0 + -501 + 571 + -1 + 13.
39
Evaluate -24 - (-3 + -30 - (-52 - -48)).
5
What is -43 + (22 - (-3 + -5 - -25))?
-38
Calculate -91 - (65 + -135) - -7.
-14
Calculate 150 + 0 + -2484 + 2454.
120
What is (21 - -33) + -34 + 27?
47
Evaluate -11 + (10 - (-7 - 2) - 12) + 1 + 46.
43
What is the value of -27 - (6 + -48) - 4?
11
Evaluate -45 + (68 - (39 - -13)).
-29
Calculate 16 - (2 + (80 - 51)) - -115.
100
What is 57 - (10 - 1 - (-43 - -18) - 25)?
48
Calculate (0 - 74) + (10 - 47) - -38.
-73
53 + -43 + 15 + 33 + (-10 - 1)
47
Calculate -42 + -65 + 35 + 6 - -28.
-38
What is the value of (-2 - -1 - -8) + (144 + -22 - 118)?
11
What is 16 - (3 + (26 - -13) + -21 + 45)?
-50
What is the value of 8 + -1 - (11 - (18 - (31 + -15)))?
-2
Evaluate 8 + -2 + (-123 - -68) + (3 - (7 - 6)).
-47
What is the value of 2 - -68 - ((8 - 0) + (-2 - 38) + 38)?
64
Evaluate (13 - 9 - 9) + (7 - (8 + -21 + 11)).
4
Evaluate 31 - (59 + -71 + (3 + 2 - 4)).
42
Calculate 4 - (-39 + 69 + -8).
-18
Calculate 45 + 87 + -58 + 24.
98
(34 - (25 + 7 + -17)) + -5
14
What is (-4 - ((7 - -7) + -3 - 31)) + (4 - 12)?
8
What is the value of 5 + 0 + (-35 - (97 - 107))?
-20
4 - 0 - (-53 + (-16 - 42) + 97)
18
(-104 + (-5 - -7 - 13 - -6) - 7) + 4
-112
Calculate -3 - ((-45 - 2) + -6 - 9) - (-63 - -57).
65
What is the value of -48 + 45 - 53 - -42?
-14
Calculate (-59 - (41 + -35)) + 43.
-22
Calculate -64 + 0 - (-2 - -2) - (349 - 362).
-51
What is 24 + -1 + (-14 - (-57 - -48))?
18
What is -61 + 5 + -2 + 105?
47
Calculate 40 + (-5 - -38) + 158 + -142.
89
What is the value of 24 + -33 + -80 - -29?
-60
Evaluate -158 + 34 + 23 + -45 + 30.
-116
What is the value of 26 + -1 + -107 + 126 + 11?
55
Evaluate 45 - (8 - -11 - -5).
21
What is (-5 - 5 - -27) + 1 + -9 + -156 + 3?
-144
What is the value of -113 + 117 - ((6 - 1) + -24) - 30?
-7
Evaluate 38 - (55 - (20 + -18)).
-15
Evaluate (25 + -17 - (1 + 2 - (1 - 19))) + -65.
-78
16 - (90 + -90 + -4 + -5 + 0)
25
Evaluate (-3 - -2) + (3 - -4 - 0) - 0.
6
Evaluate (-91 + 164 - 39) + (0 + 0 - 0 - 7).
27
Evaluate 21 - (-30 + (1 + 3 - 4)).
51
Calculate -9 - (47 - 18) - -54.
16
What is the value of 22 + (48 - 12 - 14) + -6 + 29?
67
What is the value of -8 + 5 - (-17 + 13) - (-6 - -9)?
-2
(-19 - (-44 + -12 + -16)) + 8
61
(31 - (84 - 61)) + 56
64
24 + 51 + (0 + 1 + -7 - (-22 + 17))
74
What is the value of (20 + 16 - 16 - 1) + 17?
36
-12 + -8 + -17 + 100 + -23 - (7 - -1)
32
Evaluate -3 + (2 - 21 - 26) + (2 - (3 + -2)).
-47
Calculate -88 - -44 - -13 - (44 - 19).
-56
-17 - ((-92 - -71) + (8 - 0))
-4
Calculate 38 + (-22 - (32 + (-58 - -37))).
5
(-32 - 1) + (-6 - -27) - 0
-12
What is 8 + (-50 - -17) + 31?
6
What is the value of (0 + 6 - ((258 - 267) + 35 + 1)) + 0?
-21
What is the value of 53 + 27 + -115 - -54?
19
What is -105 + 284 - (0 + 19) - 29?
131
What is 3 + -46 - (15 + -3 + -10 + 17 + -16)?
-46
Calculate (50 - (64 - 36)) + (2 - -9) - 3.
30
Calculate (33 + -19 - 5) + ((2 - -46) + -2 - -1).
56
What is the value of -2 + (20 - 7) + -14 + -1 + -22?
-26
Calculate (-89 - (-65 + -34)) + (53 - (-4 + 5)).
62
What is the value of 2 + -2 + 10 + -39 + -10?
-39
What is the value of 15 + (-5 + -47 - 36)?
-73
-459 + 548 - (4 - (29 + 3))
117
(91 - (2 + 76)) + (-4 - (-2 + 27)) + -1
-17
-37 + 57 + 58 - 42
36
(-2 - (-85 + 199)) + 59
-57
What is -32 - (137 - 129 - (4 + -32))?
-68
Calculate (-11 - -3 - -3) + -1141 + 1133 + 138.
125
What is the value of -55 + 22 + -33 + 109?
43
What is the value of -1418 + 1362 - (0 - 1 - (11 - -3))?
-41
What is the value of -3 - (-4 + (-21 - -4)) - 106?
-88
Evaluate (-25 - -30) + -164 + 194.
35
What is -96 - -1 - (15 + (-174 - -141))?
-77
Calculate -2 + 14 + -54 + 12 + (-8 - (2 + -7)).
-33
What is the value of 55 - (-42 + 5 - (427 + -421))?
98
Calculate (-13 + 49 - 15) + (19 - -3 - -83).
126
What is (3856 - 3801) + (2 - 65)?
-8
What is (-25 - -34 - 9) + 11 + (8 - 0)?
19
What is the value of (20 - (37 + 62)) + (3 - 0) - 2?
-78
Evaluate (-15 + 10 - 72) + 14.
-63
Calculate (9 - 2) + (9 - (4 - -6) - 13) + -14.
-21
-8 + (0 + -1 - -61) + 41 + -45 + 2
50
What is (-19 - (12 - 137)) + -10 + (5 - (4 - 4))?
101
-163 - (25 - 47) - -51 - (-3 + 2 + -13)
-76
(-22 - (-6 + 15 + -16 + -4)) + -105
-116
What is the value of -3 + -102 - (115 + -96 + 31)?
-155
What is (-5 - 0) + 23 - ((-24 - -27) + (1 - 6))?
20
Evaluate 19 - -25 - (2 + (2 - 0 - (-1 - 2))).
37
Calculate -49 - 8 - -1 - -111.
55
(8 - (-23 + (-13 - -84) + -30)) + (2 - -81)
73
What is the value of -15 - -1 - (-96 + 1 - (-103 - -118))?
96
0 - 2 - (-2 - -27 - 44 - -72)
-55
What is 5 + (22 - 0) - (119 + -130)?
38
What is the value of -36 + -8 + -8 - (-49 + 22)?
-25
Evaluate 10 + (-21 - (-14 + 41 - -1 - -4)).
-43
What is the value of -36 - (14 + -19) - -56?
25
Evaluate -68 + 21 + -31 + 30 - -5.
-43
Evaluate (-4 - -24) + (-98 - (-33 + -3)).
-42
What is the value of 59 + (53 - (61 - -63))?
-12
Evaluate (-55 - -60) + 30 - 80.
-45
Calculate -1 - (5 + (-33 + 19 - -9) - (1 + -10)).
-10
What is the value of -4 - 0 - 0 - (911 + -900)?
-15
What is (-62 - -9) + -50 - (-27 + 0)?
-76
What is -19 - (23 - (3 + 6 + 10))?
-23
Evaluate -11 + (-3 - -1) - (5739 - 5677).
-75
What is 126 - (32 + 56 + -14)?
52
What is 25 - (126 + 8 + -60)?
-49
Evaluate (69 + 3 + -2 + -2 - (-1353 - -1341)) + 1.
81
990 + -989 + -1 + (-4 - -7) + (-1 - -64)
66
1 - 10 - (-60 - (160 + -179))
32
0 + (0 + 4 + (0 - 1) - (-41 - -52))
-8
(-29 - 5 - -13) + (2 - -11) - (-45 - 0)
37
Evaluate 544 + -573 + (35 - -1).
7
What is the value of -115 - -72 - (66 - 39)?
-70
What is (34 - 8 - ((1 - -2) + -2 - 1)) + -9?
17
(32 - -3